s divided by 8/6*(-66)/55*-5?
6
Suppose 46*a - 33*a = 104. What is the remainder when 51 is divided by a?
3
Let d be -3 - (0/4 + -35). Let m = 62 - d. Calculate the remainder when 118 is divided by m.
28
Suppose -11 - 11 = -2*y. Suppose -y*v + 3*v = -80. What is the remainder when 37 is divided by v?
7
Let n(b) = -b**3 - 27*b**2 + 26*b - 62. Let d be n(-28). What is the remainder when 1 + 58*d/(-4) is divided by 30?
28
Suppose -122 - 53 = -5*l. Suppose -31*d + 18*d + 156 = 0. What is the remainder when l is divided by d?
11
Let y be (-87)/27 + 2/9. Suppose 63 - 15 = 2*f. Let s = f - y. Calculate the remainder when s is divided by 15.
12
Let v(z) = z**2 + 4*z + 2. Let s be v(-2). Calculate the remainder when 170 is divided by (-258)/18*(0 - (s + 5)).
41
Suppose 0 = -s + 4*d + 9, s - 2*s + 3*d = -7. Suppose -s = -3*z + 11. What is the remainder when 15 is divided by z?
3
Let t(h) = 1 - h**2 + h**2 + 3*h**2 - 5*h**2 - 5*h**3. What is the remainder when t(-2) is divided by 12?
9
Let j(v) = 29*v - 153. What is the remainder when j(8) is divided by 41?
38
Suppose -z = 4*x - 176, z - 36 - 52 = -2*x. Calculate the remainder when x is divided by 2/(-1) + (2 - -15).
14
Suppose -f + 0 = 4. Let b be (0 - 2) + (-30 - f). Let k = 42 + b. What is the remainder when 25 is divided by k?
11
Let s = 3 - 0. Calculate the remainder when (-33)/(-3) - (19 - 11) is divided by -2*s*2/(-4).
0
Let g = 424 + -391. Suppose -x + 3*x - 247 = 5*i, -x - i = -134. Calculate the remainder when x is divided by g.
32
Let a(v) = -v**2 - 7*v - 6. Let p be a(-4). Suppose 0*i - p*i + 36 = 0. Calculate the remainder when i is divided by 2.
0
Suppose 0 = -18*x + 568 + 854. What is the remainder when x is divided by 12?
7
Suppose -261 = -4*b + p, -4*p - p + 279 = 4*b. Let o = 45 - 76. Let l = b + o. What is the remainder when l is divided by 12?
11
Calculate the remainder when ((-6)/(-10))/(60/111700) is divided by 43.
42
Suppose -2*w = -4*b + 8 + 140, -3*b + 69 = -w. Let n = 98 + w. Calculate the remainder when n is divided by 4.
2
Suppose 4*l - 2*r = 22, 4*l + 5*r + 6 = -7. Calculate the remainder when (-765)/(-9) + 0 + l is divided by 45.
43
Let a be (4/3)/(10/45). Suppose -a*h + 204 = -2*h. Suppose 98 = 5*p + 4*j, 0 = -p - 5*j + 28. What is the remainder when h is divided by p?
15
Suppose 3 = -4*a - 3*g, 2*g + 16 = 4*a - 6. Suppose 0*b + a = 3*b. Suppose 29 = 5*y + 3*i, 2*i = y + y - 2. Calculate the remainder when y is divided by b.
0
Let h = 10 - 4. Suppose -d - d = -10. Suppose 2*f = d*f - 30. What is the remainder when f is divided by h?
4
Let y = 411 + -236. Suppose y = 5*u + 70. What is the remainder when u is divided by 12?
9
Calculate the remainder when 121 is divided by 34 - -3 - (6/3 - 1).
13
Suppose -7*t = 436 - 716. Calculate the remainder when 47 is divided by t.
7
Suppose 0 = 16*x + 439 - 1367. Calculate the remainder when 208 is divided by x.
34
Let s = 1502 + -1398. Calculate the remainder when 118 is divided by s.
14
Let z(k) = -k**3 + 11*k**2 + 44*k + 14. Calculate the remainder when 87 is divided by z(-4).
9
Suppose -x + 6*x - 15 = 0. Suppose -4*u + k + 44 = 0, x*u - 5*u + 28 = -2*k. Calculate the remainder when (4/10)/(u/950) is divided by 14.
10
Let w = -10 + -8. Let j = -14 - w. Suppose d + j*d = 30. Calculate the remainder when 9 is divided by d.
3
Suppose i + 3*z - 3 = 0, -2*z - 15 = 4*i + z. Let j = 64 + i. What is the remainder when j is divided by 20?
18
Let p = 161 - 30. Calculate the remainder when p is divided by 34.
29
Suppose 4*t - 3*t - 8 = 0. Let u be ((-4)/(-10))/(13/65). What is the remainder when t is divided by 1 + -2 + 10/u?
0
Let v(j) = 27*j**2 + 6. Calculate the remainder when v(-3) is divided by 42.
39
Calculate the remainder when 124 is divided by 1798/93*(-6)/(-1 - 1).
8
Let k(w) = -w + 27. Calculate the remainder when 159 is divided by k(-16).
30
Let j = -2 + 7. Suppose 7*d = 2*d. Suppose j*q - 2*n = 160, -3*q = -d*q - n - 95. What is the remainder when q is divided by 16?
14
Suppose -4*h - 4*y + 2268 = 0, 3*y + 0*y + 1149 = 2*h. What is the remainder when (3 + -1)/8 - h/(-24) is divided by 13?
11
Let n(c) = c + 53. What is the remainder when n(-10) is divided by 1*(-1 - -2)*11?
10
Let r(t) = -t. Let x(y) = -6*y. Let k(o) = -24*r(o) + 3*x(o). Calculate the remainder when k(7) is divided by 9.
6
Let c(h) = 6*h - 1. Let p be c(1). Suppose 0*w - 5*l = 4*w - 110, -p*w = 3*l - 144. Calculate the remainder when 207 is divided by w.
27
Let t = -1289 - -1342. Calculate the remainder when 135 is divided by t.
29
Suppose -23*y + 12*y = -275. Calculate the remainder when (-2)/(-7) - 502/(-7) is divided by y.
22
Suppose -25*q + 154 + 821 = 0. What is the remainder when 192 is divided by q?
36
Let g(t) = -11*t - 16. Suppose 6*d + 8 = 4*d. Suppose 5*i - 264 = f, -i - 2*f + 4*f = -51. What is the remainder when i is divided by g(d)?
25
Let u(b) = 5*b**2 - 2. Let w be u(-6). Let t = -855 + w. Calculate the remainder when (-2)/9 - t/9 is divided by 39.
36
Suppose 0 = -4*p + 5*m - 2*m - 1, m = 4*p - 5. Let l = 118 + -76. Suppose -p*n = -l + 6. Calculate the remainder when n is divided by 7.
4
Suppose -15*p - 5*t - 78 = -19*p, 0 = -2*p + 2*t + 40. What is the remainder when p is divided by (-16)/(-10)*30/4?
10
Suppose -c = -91 + 78. Calculate the remainder when 437 is divided by c.
8
Let d be (-4)/(((-40)/35)/4). Suppose -2*g + 2 = -f, -2*f + 3*g - d = -6*f. What is the remainder when 11 is divided by f?
1
Let f = 43 + -44. What is the remainder when ((-6)/18*3)/(f/15) is divided by 6?
3
Calculate the remainder when 108 is divided by (1 - 1) + (-46)/(-2).
16
Let l(c) be the second derivative of c**3/6 + 17*c**2/2 - c. Let x = -39 - -43. What is the remainder when l(-11) is divided by x?
2
Calculate the remainder when 63 is divided by 105/(-63) - 1*(-106)/6.
15
Let t be ((-7)/(-14))/(2/(-52)). Let z be (-3)/12 + t/(-4). Suppose -r = -z*r + 152. What is the remainder when r is divided by 26?
24
Let q = 93 + -89. Suppose m - 5*c - 48 = -7*c, -q*m = 3*c - 182. Calculate the remainder when 175 is divided by m.
43
Let j(n) = -2*n**3 - 209*n**2 + 321*n + 340. Let f = 51 - -9. Calculate the remainder when f is divided by j(-106).
16
Suppose -48 = m - c, 228 = -4*m + c + 39. Let w = m - -64. Calculate the remainder when w is divided by 10.
7
Let v(t) = -t + 18. Let a be v(11). Suppose -3*i = i - 3*f - a, -13 = -i - 3*f. What is the remainder when 19 is divided by i?
3
Let c = 75 - 14. Calculate the remainder when 426 is divided by c.
60
Let h = 318 - 294. What is the remainder when 139 is divided by h?
19
What is the remainder when ((-1)/2)/(-1*(-4)/(-304)) is divided by 23?
15
Suppose 5*s + 4*q = 70, 3*s - 5*q = -51 + 130. Calculate the remainder when 31 is divided by s.
13
Let u(s) = 23*s + 55. Calculate the remainder when u(6) is divided by 13.
11
Let p = 27 - 17. Suppose 22*l + 3*y - 150 = 18*l, 0 = -l + 4*y + 47. What is the remainder when l is divided by p?
9
Suppose 4*n + z = 254 + 98, 2*n = 4*z + 194. Calculate the remainder when n is divided by 10.
9
Let h(y) = y**3 - 8*y**2 + 9*y - 3. Suppose 0 = 2*c - 2*a - 10, 3*a + 2 - 8 = 0. Let s = 17 + 15. What is the remainder when s is divided by h(c)?
10
Let q = 568 + -550. Suppose -3*k = 3*j - 219, 0 = -2*j - 4*k + 145 + 9. Calculate the remainder when j is divided by q.
15
Let t be 4/6*(-3 + 6). Suppose -g - 2*o = -67, 5*g + t*o + 0*o - 359 = 0. Calculate the remainder when g is divided by (-5)/(-15)*59 - (-2)/(-3).
16
Let g be 8/6*21/14. Suppose 4*w - 3*z - 141 = 0, g*w - z - 34 = w. What is the remainder when w is divided by 20?
19
Let x = 105 + -103. Calculate the remainder when 10 is divided by 2*(-1 + (x - -2)).
4
Suppose -2*v + 33 = v. Suppose 5*p + v = c + 4*p, p + 19 = 2*c. Suppose -3*a = -c*a + 100. What is the remainder when a is divided by 7?
6
Let s(g) = g**2 - 10*g - 23. Let h be s(12). Let n = -2 + h. Calculate the remainder when n/(-2)*(-2 + 84) is divided by 11.
8
Let n(j) = -23*j - 47. What is the remainder when n(-16) is divided by 54?
51
Let d(x) = -x**3 + 3*x**2 + 6*x - 6. Let l be d(4). What is the remainder when (-4851)/(-42) - 3/l is divided by 23?
22
Let q(o) = o**3 - 7*o**2 + 2*o + 6. Let x be (-54)/24*4/(-3). Suppose -y + 84 = 3*a, -180 - 62 = -x*y - 4*a. What is the remainder when